
{"id":17,"date":"2013-04-22T16:47:57","date_gmt":"2013-04-22T15:47:57","guid":{"rendered":"http:\/\/www.chaletdupraz.com\/location\/?page_id=17"},"modified":"2013-04-26T10:54:18","modified_gmt":"2013-04-26T09:54:18","slug":"nous-contacter","status":"publish","type":"page","link":"https:\/\/www.chaletdupraz.com\/location\/nous-contacter\/","title":{"rendered":"Nous contacter"},"content":{"rendered":"\n<div class=\"wpcf7 no-js\" id=\"wpcf7-f45-o1\" lang=\"en-US\" dir=\"ltr\" data-wpcf7-id=\"45\">\n<div class=\"screen-reader-response\"><p role=\"status\" aria-live=\"polite\" aria-atomic=\"true\"><\/p> <ul><\/ul><\/div>\n<form action=\"\/location\/wp-json\/wp\/v2\/pages\/17#wpcf7-f45-o1\" method=\"post\" class=\"wpcf7-form init\" aria-label=\"Contact form\" novalidate=\"novalidate\" data-status=\"init\">\n<div style=\"display: none;\">\n<input type=\"hidden\" name=\"_wpcf7\" value=\"45\" \/>\n<input type=\"hidden\" name=\"_wpcf7_version\" value=\"6.0.2\" \/>\n<input type=\"hidden\" name=\"_wpcf7_locale\" value=\"en_US\" \/>\n<input type=\"hidden\" name=\"_wpcf7_unit_tag\" value=\"wpcf7-f45-o1\" \/>\n<input type=\"hidden\" name=\"_wpcf7_container_post\" value=\"0\" \/>\n<input type=\"hidden\" name=\"_wpcf7_posted_data_hash\" value=\"\" \/>\n<input type=\"hidden\" name=\"_wpcf7_recaptcha_response\" value=\"\" \/>\n<\/div>\n<div style=\"float: right; text-align: right;\">\n\t<p style=\"color: red; \">* <em>Champs Obligatoires.<\/em>\n\t<\/p>\n\t<p><img decoding=\"async\" src=\"http:\/\/www.chaletdupraz.com\/location\/wp-content\/themes\/twentyeleven-praz\/images\/logo-chaletdupraz-contact.jpg\" style=\"width: 100px; height: 100px;\" alt=\"Chalet du Praz - Location d'appartements Sainte Foy Tarentaise\" title=\"Chalet du Praz - Sainte Foy Tarentaise\" \/><br \/>\n<strong>Chalet du Praz - Location d'appartements<\/strong>\n\t<\/p>\n\t<p>Station\n\t<\/p>\n\t<p>73640 Sainte Foy Tarentaise\n\t<\/p>\n\t<p><strong>Tel :<\/strong> 06 12 89 67 01\n\t<\/p>\n<\/div>\n<p style=\"color: #fce2b3; font-size: 14px; margin-top: 50px;\">1\u00b0) D\u00e9tails personnels\n<\/p>\n<p style=\"text-align: left;\"><span class=\"wpcf7-form-control-wrap\" data-name=\"nom\"><input size=\"40\" maxlength=\"400\" class=\"wpcf7-form-control wpcf7-text wpcf7-validates-as-required\" aria-required=\"true\" aria-invalid=\"false\" placeholder=\"Nom *\" value=\"\" type=\"text\" name=\"nom\" \/><\/span>\n<\/p>\n<p style=\"text-align: left; \"><span class=\"wpcf7-form-control-wrap\" data-name=\"prenom\"><input size=\"40\" maxlength=\"400\" class=\"wpcf7-form-control wpcf7-text wpcf7-validates-as-required\" aria-required=\"true\" aria-invalid=\"false\" placeholder=\"Pr\u00e9nom *\" value=\"\" type=\"text\" name=\"prenom\" \/><\/span>\n<\/p>\n<p style=\"text-align: left; \"><span class=\"wpcf7-form-control-wrap\" data-name=\"tel\"><input size=\"20\" maxlength=\"400\" class=\"wpcf7-form-control wpcf7-text wpcf7-validates-as-required\" aria-required=\"true\" aria-invalid=\"false\" placeholder=\"T\u00e9l\u00e9phone *\" value=\"\" type=\"text\" name=\"tel\" \/><\/span>\n<\/p>\n<p style=\"text-align: left; \"><span class=\"wpcf7-form-control-wrap\" data-name=\"email\"><input size=\"24\" maxlength=\"400\" class=\"wpcf7-form-control wpcf7-email wpcf7-validates-as-required wpcf7-text wpcf7-validates-as-email\" aria-required=\"true\" aria-invalid=\"false\" placeholder=\"E-mail *\" value=\"\" type=\"email\" name=\"email\" \/><\/span>\n<\/p>\n<p style=\"color: #fce2b3; font-size: 14px; \">2\u00b0) Message\n<\/p>\n<p style=\"text-align: left; \"><span class=\"wpcf7-form-control-wrap\" data-name=\"commentaires\"><textarea cols=\"40\" rows=\"6\" maxlength=\"2000\" class=\"wpcf7-form-control wpcf7-textarea\" aria-invalid=\"false\" placeholder=\"Message\" name=\"commentaires\"><\/textarea><\/span>\n<\/p>\n<p style=\"text-align: center; \"><input class=\"wpcf7-form-control wpcf7-submit has-spinner\" type=\"submit\" value=\"Envoyer\" \/>\n<\/p>\n<p style=\"text-align: left; font-style: italic;\"><br \/>\nConform\u00e9ment \u00e0 la loi Informatique et Libert\u00e9s du 6 janvier 1978, vous disposez d'un droit d'acc\u00e8s et de rectification des donn\u00e9es personnelles vous concernant. Seule notre soci\u00e9t\u00e9 est destinataire des informations que vous lui communiquez.\n<\/p><div class=\"wpcf7-response-output\" aria-hidden=\"true\"><\/div>\n<\/form>\n<\/div>\n\n","protected":false},"excerpt":{"rendered":"","protected":false},"author":3,"featured_media":0,"parent":0,"menu_order":70,"comment_status":"closed","ping_status":"closed","template":"","meta":{"footnotes":""},"class_list":["post-17","page","type-page","status-publish","hentry"],"_links":{"self":[{"href":"https:\/\/www.chaletdupraz.com\/location\/wp-json\/wp\/v2\/pages\/17","targetHints":{"allow":["GET"]}}],"collection":[{"href":"https:\/\/www.chaletdupraz.com\/location\/wp-json\/wp\/v2\/pages"}],"about":[{"href":"https:\/\/www.chaletdupraz.com\/location\/wp-json\/wp\/v2\/types\/page"}],"author":[{"embeddable":true,"href":"https:\/\/www.chaletdupraz.com\/location\/wp-json\/wp\/v2\/users\/3"}],"replies":[{"embeddable":true,"href":"https:\/\/www.chaletdupraz.com\/location\/wp-json\/wp\/v2\/comments?post=17"}],"version-history":[{"count":2,"href":"https:\/\/www.chaletdupraz.com\/location\/wp-json\/wp\/v2\/pages\/17\/revisions"}],"predecessor-version":[{"id":72,"href":"https:\/\/www.chaletdupraz.com\/location\/wp-json\/wp\/v2\/pages\/17\/revisions\/72"}],"wp:attachment":[{"href":"https:\/\/www.chaletdupraz.com\/location\/wp-json\/wp\/v2\/media?parent=17"}],"curies":[{"name":"wp","href":"https:\/\/api.w.org\/{rel}","templated":true}]}}