
{"id":2,"date":"2013-04-22T15:42:30","date_gmt":"2013-04-22T14:42:30","guid":{"rendered":"http:\/\/www.chaletdupraz.com\/location\/?page_id=2"},"modified":"2017-10-06T05:58:27","modified_gmt":"2017-10-06T04:58:27","slug":"accueil","status":"publish","type":"page","link":"https:\/\/www.chaletdupraz.com\/location\/","title":{"rendered":"Accueil"},"content":{"rendered":"<p>Sur\u00a0les pistes, au pied du t\u00e9l\u00e9si\u00e8ge, ce chalet de\u00a0charme<br \/>\nsavoyard vous fera vivre la vie r\u00eav\u00e9e au c\u0153ur\u00a0de <strong>la<br \/>\nstation\u00a0de Sainte Foy Tarentaise au milieu du<br \/>\nfront de neige\u00a0et en plein soleil hiver comme \u00e9t\u00e9<\/strong>.\n\n\n<div class='easySpoilerWrapper' style=''>\n\n<table class='easySpoilerTable' border='0' style='text-align:center;' align='center' bgcolor='FFFFFF' >\n\n\n\n<tr style='white-space:normal;'>\n\n<th class='easySpoilerTitleA' style='white-space:normal;font-weight:normal;text-align:left;vertical-align:middle;font-size:120%;color:#000000;'><\/th>\n\n<th class='easySpoilerTitleB'style='text-align:right;vertical-align:middle;font-size:100%; white-space:nowrap;'><a href=''  class='easySpoilerButtonOther' style='font-size:100%;color:#000;display:none; margin: 0; padding: 0; ' align='right'>Select<\/a><a href='' onclick='wpSpoilerToggle(\"spoilerDiv2c5a8001\",true,\"En savoir plus\",\"Masquer\",\"slow\",false); return false;' id='spoilerDiv2c5a8001_action' class='easySpoilerButtonBare' value=\"En savoir plus\" align='right' style='font-size:100%;color:#000; margin: 0 -5px 0 0; padding: 0; display: block; height: 22px; width: 134px; text-transform: lowercase;'>En savoir plus<\/><\/th>\n\n<\/tr>\n\n<tr><td class='easySpoilerRow' colspan='2' style=''><div id='spoilerDiv2c5a8001' class='easySpoilerSpoils'  style='display:none; white-space:wrap; overflow:auto; vertical-align:middle;'>\n\n<\/p>\n<p>Existe-t-il meilleur emplacement\u00a0?\u00a0Aussi \u00e0\u00a0deux pas de l&rsquo;\u00e9cole de ski et des commerces,\u00a0le Chalet du Praz vous offre l&rsquo;opportunit\u00e9 de vivre les Alpes sous les \u00e9toiles. Le bois, la pierre dominent une d\u00e9coration aux tons chatoyants. Une vraie bouff\u00e9e de bonheur envahit l&rsquo;atmosph\u00e8re qui en hiver\u00a0comme en \u00e9t\u00e9\u00a0se fait tout de douceur et de chaleur humaine .<br \/>\nIl r\u00e8gne dans l&rsquo;entr\u00e9e un parfum de bois inimitable. On peut\u00a0meme y admirer l&rsquo;un des plus beaux panoramas qui soient sur les glaciers de la r\u00e9gion .<\/p>\n<p>EMPLACEMENT EXCEPTIONNEL, CONFORT, ARCHITECTURE, QUALITE\/PRIX\u00a0rien ne manque au Chalet du Praz.\n\n<\/div><\/td><\/tr>\n\n<\/table>\n\n<div class='easySpoilerConclude' style=''><table class='easySpoilerTable' border='0' style='text-align:center;' frame='box' align='center' bgcolor='FFFFFF'><tr><th class='easySpoilerEnd' style='width:100%;'><\/th><td class='easySpoilerEnd' style='white-space:nowrap;' colspan='2'><\/td><\/tr><tr><td class='easySpoilerGroupWrapperLastRow' colspan='2' style=''><\/td><\/tr><\/table><\/div>\n\n<\/div>\n\n\n<\/p>\n","protected":false},"excerpt":{"rendered":"<p>Sur\u00a0les pistes, au pied du t\u00e9l\u00e9si\u00e8ge, ce chalet de\u00a0charme savoyard vous fera vivre la vie r\u00eav\u00e9e au c\u0153ur\u00a0de la station\u00a0de Sainte Foy Tarentaise au milieu du front de neige\u00a0et en plein soleil hiver comme \u00e9t\u00e9.<\/p>\n","protected":false},"author":3,"featured_media":0,"parent":0,"menu_order":0,"comment_status":"closed","ping_status":"closed","template":"","meta":{"footnotes":""},"class_list":["post-2","page","type-page","status-publish","hentry"],"_links":{"self":[{"href":"https:\/\/www.chaletdupraz.com\/location\/wp-json\/wp\/v2\/pages\/2","targetHints":{"allow":["GET"]}}],"collection":[{"href":"https:\/\/www.chaletdupraz.com\/location\/wp-json\/wp\/v2\/pages"}],"about":[{"href":"https:\/\/www.chaletdupraz.com\/location\/wp-json\/wp\/v2\/types\/page"}],"author":[{"embeddable":true,"href":"https:\/\/www.chaletdupraz.com\/location\/wp-json\/wp\/v2\/users\/3"}],"replies":[{"embeddable":true,"href":"https:\/\/www.chaletdupraz.com\/location\/wp-json\/wp\/v2\/comments?post=2"}],"version-history":[{"count":32,"href":"https:\/\/www.chaletdupraz.com\/location\/wp-json\/wp\/v2\/pages\/2\/revisions"}],"predecessor-version":[{"id":264,"href":"https:\/\/www.chaletdupraz.com\/location\/wp-json\/wp\/v2\/pages\/2\/revisions\/264"}],"wp:attachment":[{"href":"https:\/\/www.chaletdupraz.com\/location\/wp-json\/wp\/v2\/media?parent=2"}],"curies":[{"name":"wp","href":"https:\/\/api.w.org\/{rel}","templated":true}]}}